 15970796?
7
What is the hundred millions digit of 1064090276?
0
What is the ten millions digit of 191490364?
9
What is the ten millions digit of 1566971126?
6
What is the ten thousands digit of 2401633232?
3
What is the ten millions digit of 75401160?
7
What is the ten thousands digit of 75501488?
0
What is the ten millions digit of 2000570718?
0
What is the ten thousands digit of 223477258?
7
What is the units digit of 1727393307?
7
What is the ten millions digit of 38950059?
3
What is the ten millions digit of 694061384?
9
What is the thousands digit of 480565643?
5
What is the hundred thousands digit of 883682006?
6
What is the millions digit of 2534081758?
4
What is the tens digit of 117076661?
6
What is the thousands digit of 332591868?
1
What is the hundred thousands digit of 309785842?
7
What is the hundred thousands digit of 16364946?
3
What is the hundred thousands digit of 50061626?
0
What is the hundred thousands digit of 6092341774?
3
What is the units digit of 3320858447?
7
What is the ten millions digit of 124744179?
2
What is the units digit of 605881262?
2
What is the hundred thousands digit of 219053343?
0
What is the hundreds digit of 221519358?
3
What is the millions digit of 743265089?
3
What is the ten millions digit of 283507600?
8
What is the ten millions digit of 207688561?
0
What is the hundred millions digit of 100495885?
1
What is the hundred millions digit of 665372732?
6
What is the thousands digit of 230864259?
4
What is the millions digit of 3857565900?
7
What is the hundred millions digit of 489467600?
4
What is the ten thousands digit of 41020656?
2
What is the hundred thousands digit of 58317168?
3
What is the hundred millions digit of 1156373417?
1
What is the thousands digit of 19931944?
1
What is the millions digit of 54856938?
4
What is the hundreds digit of 99522905?
9
What is the ten millions digit of 128548089?
2
What is the thousands digit of 116994874?
4
What is the hundred thousands digit of 6951026416?
0
What is the ten millions digit of 2418043620?
1
What is the units digit of 562033081?
1
What is the ten millions digit of 5841162020?
4
What is the ten millions digit of 121441675?
2
What is the hundred millions digit of 297124685?
2
What is the thousands digit of 365569627?
9
What is the hundreds digit of 527045197?
1
What is the thousands digit of 1424084105?
4
What is the hundred thousands digit of 1327478978?
4
What is the hundred millions digit of 636135966?
6
What is the ten thousands digit of 371223913?
2
What is the hundreds digit of 96542894?
8
What is the hundreds digit of 61208511?
5
What is the hundreds digit of 109471947?
9
What is the ten millions digit of 17779126?
1
What is the tens digit of 83074934?
3
What is the tens digit of 1001234240?
4
What is the thousands digit of 6483272444?
2
What is the units digit of 1713962?
2
What is the ten thousands digit of 3424387157?
8
What is the hundreds digit of 50695189?
1
What is the hundred thousands digit of 31828888?
8
What is the ten thousands digit of 3244358690?
5
What is the hundreds digit of 723002504?
5
What is the hundreds digit of 9681260?
2
What is the hundreds digit of 2027210029?
0
What is the hundreds digit of 486314164?
1
What is the thousands digit of 1211307085?
7
What is the hundreds digit of 62003701?
7
What is the hundred thousands digit of 23706443?
7
What is the hundred thousands digit of 413542892?
5
What is the units digit of 22531048?
8
What is the hundred thousands digit of 30967902?
9
What is the hundreds digit of 9818378?
3
What is the hundred thousands digit of 69385788?
3
What is the ten thousands digit of 79699952?
9
What is the units digit of 311050858?
8
What is the thousands digit of 8815953010?
3
What is the units digit of 3845202205?
5
What is the thousands digit of 505088673?
8
What is the hundreds digit of 2669203951?
9
What is the ten millions digit of 176752386?
7
What is the tens digit of 147638580?
8
What is the ten thousands digit of 5151155108?
5
What is the hundred thousands digit of 418359636?
3
What is the thousands digit of 885490898?
0
What is the hundreds digit of 7676215229?
2
What is the thousands digit of 4748583?
8
What is the thousands digit of 602197940?
7
What is the ten millions digit of 379990442?
7
What is the millions digit of 6688456632?
8
What is the hundred millions digit of 2052160990?
0
What is the millions digit of 1638458247?
8
What is the ten thousands digit of 617619470?
1
What is the units digit of 1520477769?
9
What is the hundreds digit of 541220733?
7
What is the ten millions digit of 102746855?
0
What is the tens digit of 358404376?
7
What is the hundred millions digit of 893335019?
8
What is the hundred thousands digit of 50250746?
2
What is the thousands digit of 2826686962?
6
What is the millions digit of 1141482894?
1
What is the hundred millions digit of 268902756?
2
What is the thousands digit of 61831571?
1
What is the thousands digit of 4306587653?
7
What is the units digit of 120906703?
3
What is the millions digit of 149855001?
9
What is the ten thousands digit of 607647447?
4
What is the tens digit of 58563569?
6
What is the hundred millions digit of 270607462?
2
What is the billions digit of 1542845179?
1
What is the ten millions digit of 426796037?
2
What is the millions digit of 36326606?
6
What is the hundred millions digit of 4095815482?
0
What is the billions digit of 1925322820?
1
What is the ten millions digit of 127738772?
2
What is the hundred thousands digit of 21021344?
0
What is the units digit of 1018075129?
9
What is the ten thousands digit of 2658708607?
0
What is the hundred thousands digit of 39657451?
6
What is the ten thousands digit of 3262255803?
5
What is the ten millions digit of 291329376?
9
What is the millions digit of 772973471?
2
What is the millions digit of 1442545424?
2
What is the units digit of 375712629?
9
What is the millions digit of 130563578?
0
What is the ten thousands digit of 3963549418?
4
What is the hundred thousands digit of 1111717198?
7
What is the ten thousands digit of 266904042?
0
What is the ten thousands digit of 595508558?
0
What is the hundred thousands digit of 2741250959?
2
What is the units digit of 229167139?
9
What is the ten thousands digit of 942721842?
2
What is the hundreds digit of 10029910?
9
What is the ten thousands digit of 6319995574?
9
What is the hundred millions digit of 855342571?
8
What is the hundreds digit of 43874790?
7
What is the hundred millions digit of 430592305?
4
What is the units digit of 180256123?
3
What is the hundred thousands digit of 876925617?
9
What is the thousands digit of 75800803?
0
What is the tens digit of 6745320?
2
What is the ten millions digit of 87744448?
8
What is the millions digit of 741206805?
1
What is the thousands digit of 92505798?
5
What is the thousands digit of 80867459?
7
What is the thousands digit of 17438031?
8
What is the hundreds digit of 646046877?
8
What is the hundreds digit of 14673794?
7
What is the hundreds digit of 6488554960?
9
What is the ten millions digit of 26808428?
2
What is the hundreds digit of 761382845?
8
What is the tens digit of 45765990?
9
What is the tens digit of 85247917?
1
What is the thousands digit of 66588385?
8
What is the tens digit of 3655304634?
3
What is the ten millions digit of 71962745?
7
What is the hundreds digit of 93778654?
6
What is the millions digit of 370602402?
0
What is the units digit of 57223578?
8
What is the ten thousands digit of 1751258671?
5
What is the units digit of 552495022?
2
What is the tens digit of 241095747?
4
What is the hundreds digit of 356585844?
8
What is the millions digit of 16661178?
6
What is the ten thousands digit of 3822693697?
9
What is the hundred millions digit of 2072497455?
0
What is the hundred thousands digit of 243034853?
0
What is the hundred thousands digit of 659517667?
5
What is the thousands digit of 1107051220?
1
What is the hundreds digit of 82447194?
1
What is the ten thousands digit of 42405671?
0
What is the millions digit of 173753850?
3
What is the hundred thousands digit of 4791670278?
6
What is the hundred thousands digit of 12527694?
5
What is the tens digit of 60587306?
0
What is the tens digit of 2042418546?
4
What is the hundred thous